{"id":495,"date":"2020-06-02T17:03:42","date_gmt":"2020-06-02T15:03:42","guid":{"rendered":"https:\/\/www.nefilatek.fr\/?page_id=495"},"modified":"2020-06-02T17:03:47","modified_gmt":"2020-06-02T15:03:47","slug":"lequipe","status":"publish","type":"page","link":"https:\/\/www.nefilatek.fr\/index.php\/lequipe\/","title":{"rendered":"L&rsquo;\u00e9quipe"},"content":{"rendered":"\n    <div class=\"box has-hover has-hover box-vertical box-text-bottom\" >\n\n                  <div class=\"box-image image-fade-in\" style=\"width:15%;\">\n           <div class=\"box-image-inner image-cover\" style=\"border-radius:100%;padding-top:100%;\">\n              <img data-recalc-dims=\"1\" loading=\"lazy\" decoding=\"async\" width=\"400\" height=\"400\" src=\"https:\/\/i0.wp.com\/www.nefilatek.fr\/wp-content\/uploads\/2020\/06\/0.jpg?resize=400%2C400&#038;ssl=1\" class=\"attachment- size-\" alt=\"Bastien Lepoutre\" srcset=\"https:\/\/i0.wp.com\/www.nefilatek.fr\/wp-content\/uploads\/2020\/06\/0.jpg?w=400&amp;ssl=1 400w, https:\/\/i0.wp.com\/www.nefilatek.fr\/wp-content\/uploads\/2020\/06\/0.jpg?resize=247%2C247&amp;ssl=1 247w, https:\/\/i0.wp.com\/www.nefilatek.fr\/wp-content\/uploads\/2020\/06\/0.jpg?resize=100%2C100&amp;ssl=1 100w, https:\/\/i0.wp.com\/www.nefilatek.fr\/wp-content\/uploads\/2020\/06\/0.jpg?resize=300%2C300&amp;ssl=1 300w, https:\/\/i0.wp.com\/www.nefilatek.fr\/wp-content\/uploads\/2020\/06\/0.jpg?resize=150%2C150&amp;ssl=1 150w\" sizes=\"auto, (max-width: 400px) 100vw, 400px\" \/>                         <\/div>\n          <\/div>\n         \n          <div class=\"box-text text-center\" >\n                <div class=\"box-text-inner\">\n                  <h4 class=\"uppercase\">\n                    <span class=\"person-name\">Bastien Lepoutre<\/span><br\/>\n                    <span class=\"person-title is-small thin-font op-7\">\n                      Co-Fondateur\/Responsable France                    <\/span>\n                  <\/h4>\n                 <div class=\"social-icons follow-icons\" ><a href=\"mailto:bastien.lepoutre@nefilatek.com\" data-label=\"E-mail\" rel=\"nofollow\" class=\"icon button circle is-outline  email tooltip\" title=\"Nous envoyer un email\" aria-label=\"Nous envoyer un email\"><i class=\"icon-envelop\" ><\/i><\/a><a href=\"https:\/\/www.linkedin.com\/in\/bastien-lepoutre-b62936139\/\" target=\"_blank\" rel=\"noopener noreferrer nofollow\" data-label=\"LinkedIn\" class=\"icon button circle is-outline  linkedin tooltip\" title=\"Follow on LinkedIn\" aria-label=\"Follow on LinkedIn\"><i class=\"icon-linkedin\" ><\/i><\/a><\/div>                 \n\n<p><span style=\"font-weight: 400;\">Formation d&rsquo;ing\u00e9nieur m\u00e9canique ,passionn\u00e9 par l&rsquo;entrepreneuriat, le d\u00e9veloppement durable et l\u2019impression 3D. Il court surement plus rapidement que vous .<\/span><\/p>\n\n                <\/div>\n          <\/div>\n    <\/div>\n\n    \n    \n    <div class=\"box has-hover has-hover box-vertical box-text-bottom\" >\n\n                  <div class=\"box-image image-fade-in\" style=\"width:15%;\">\n           <div class=\"box-image-inner image-cover\" style=\"border-radius:100%;padding-top:100%;\">\n              <img data-recalc-dims=\"1\" loading=\"lazy\" decoding=\"async\" width=\"359\" height=\"359\" src=\"https:\/\/i0.wp.com\/www.nefilatek.fr\/wp-content\/uploads\/2020\/06\/0-1.jpg?resize=359%2C359&#038;ssl=1\" class=\"attachment- size-\" alt=\"Angel Chauffray\" srcset=\"https:\/\/i0.wp.com\/www.nefilatek.fr\/wp-content\/uploads\/2020\/06\/0-1.jpg?w=359&amp;ssl=1 359w, https:\/\/i0.wp.com\/www.nefilatek.fr\/wp-content\/uploads\/2020\/06\/0-1.jpg?resize=247%2C247&amp;ssl=1 247w, https:\/\/i0.wp.com\/www.nefilatek.fr\/wp-content\/uploads\/2020\/06\/0-1.jpg?resize=100%2C100&amp;ssl=1 100w, https:\/\/i0.wp.com\/www.nefilatek.fr\/wp-content\/uploads\/2020\/06\/0-1.jpg?resize=300%2C300&amp;ssl=1 300w, https:\/\/i0.wp.com\/www.nefilatek.fr\/wp-content\/uploads\/2020\/06\/0-1.jpg?resize=150%2C150&amp;ssl=1 150w\" sizes=\"auto, (max-width: 359px) 100vw, 359px\" \/>                         <\/div>\n          <\/div>\n         \n          <div class=\"box-text text-center\" >\n                <div class=\"box-text-inner\">\n                  <h4 class=\"uppercase\">\n                    <span class=\"person-name\">Angel Chauffray<\/span><br\/>\n                    <span class=\"person-title is-small thin-font op-7\">\n                      Ing\u00e9nieur\/ Responsable Canada                    <\/span>\n                  <\/h4>\n                 <div class=\"social-icons follow-icons\" ><a href=\"mailto:angel.chauffray@nefilatek.com\" data-label=\"E-mail\" rel=\"nofollow\" class=\"icon button circle is-outline  email tooltip\" title=\"Nous envoyer un email\" aria-label=\"Nous envoyer un email\"><i class=\"icon-envelop\" ><\/i><\/a><a href=\"https:\/\/www.linkedin.com\/in\/angel-chauffray-142701130\/\" target=\"_blank\" rel=\"noopener noreferrer nofollow\" data-label=\"LinkedIn\" class=\"icon button circle is-outline  linkedin tooltip\" title=\"Follow on LinkedIn\" aria-label=\"Follow on LinkedIn\"><i class=\"icon-linkedin\" ><\/i><\/a><\/div>                 \n\n<p><span style=\"font-weight: 400;\">Ing\u00e9nieur physicien de formation, il baigne dans la physique, la recherche et l\u2019environnement. Il ne se d\u00e9brouille pas trop mal avec un club de golf dans les mains.<\/span><\/p>\n\n                <\/div>\n          <\/div>\n    <\/div>\n\n    \n    \n    <div class=\"box has-hover has-hover box-vertical box-text-bottom\" >\n\n                  <div class=\"box-image image-fade-in\" style=\"width:15%;\">\n           <div class=\"box-image-inner image-cover\" style=\"border-radius:100%;padding-top:100%;\">\n              <img data-recalc-dims=\"1\" loading=\"lazy\" decoding=\"async\" width=\"949\" height=\"960\" src=\"https:\/\/i0.wp.com\/www.nefilatek.fr\/wp-content\/uploads\/2020\/06\/12402219_10205785204535279_7027859280593438835_o.jpg?resize=949%2C960&#038;ssl=1\" class=\"attachment- size-\" alt=\"Thomas Ortelli\" srcset=\"https:\/\/i0.wp.com\/www.nefilatek.fr\/wp-content\/uploads\/2020\/06\/12402219_10205785204535279_7027859280593438835_o.jpg?w=949&amp;ssl=1 949w, https:\/\/i0.wp.com\/www.nefilatek.fr\/wp-content\/uploads\/2020\/06\/12402219_10205785204535279_7027859280593438835_o.jpg?resize=100%2C100&amp;ssl=1 100w, https:\/\/i0.wp.com\/www.nefilatek.fr\/wp-content\/uploads\/2020\/06\/12402219_10205785204535279_7027859280593438835_o.jpg?resize=510%2C516&amp;ssl=1 510w, https:\/\/i0.wp.com\/www.nefilatek.fr\/wp-content\/uploads\/2020\/06\/12402219_10205785204535279_7027859280593438835_o.jpg?resize=297%2C300&amp;ssl=1 297w, https:\/\/i0.wp.com\/www.nefilatek.fr\/wp-content\/uploads\/2020\/06\/12402219_10205785204535279_7027859280593438835_o.jpg?resize=768%2C777&amp;ssl=1 768w\" sizes=\"auto, (max-width: 949px) 100vw, 949px\" \/>                         <\/div>\n          <\/div>\n         \n          <div class=\"box-text text-center\" >\n                <div class=\"box-text-inner\">\n                  <h4 class=\"uppercase\">\n                    <span class=\"person-name\">Thomas Ortelli<\/span><br\/>\n                    <span class=\"person-title is-small thin-font op-7\">\n                      Co-Fondateur\/ Ing\u00e9nieur                    <\/span>\n                  <\/h4>\n                 <div class=\"social-icons follow-icons\" ><a href=\"mailto:contact@nefilatek.com\" data-label=\"E-mail\" rel=\"nofollow\" class=\"icon button circle is-outline  email tooltip\" title=\"Nous envoyer un email\" aria-label=\"Nous envoyer un email\"><i class=\"icon-envelop\" ><\/i><\/a><\/div>                 \n\n<p><span style=\"font-weight: 400;\">Passionn\u00e9 par la m\u00e9canique, l\u2019ing\u00e9nierie et les choses qui ont du sens, il suit logiquement une formation en ing\u00e9nierie m\u00e9canique. Thomas est plut\u00f4t \u00e0 l&rsquo;aise dans tout ce qui est vertical.<\/span><\/p>\n\n                <\/div>\n          <\/div>\n    <\/div>\n\n    \n    \n\n","protected":false},"excerpt":{"rendered":"","protected":false},"author":1,"featured_media":0,"parent":0,"menu_order":0,"comment_status":"closed","ping_status":"closed","template":"","meta":{"_seopress_robots_primary_cat":"","_seopress_titles_title":"","_seopress_titles_desc":"","_seopress_robots_index":"","footnotes":""},"class_list":["post-495","page","type-page","status-publish","hentry"],"jetpack_sharing_enabled":true,"_links":{"self":[{"href":"https:\/\/www.nefilatek.fr\/index.php\/wp-json\/wp\/v2\/pages\/495","targetHints":{"allow":["GET"]}}],"collection":[{"href":"https:\/\/www.nefilatek.fr\/index.php\/wp-json\/wp\/v2\/pages"}],"about":[{"href":"https:\/\/www.nefilatek.fr\/index.php\/wp-json\/wp\/v2\/types\/page"}],"author":[{"embeddable":true,"href":"https:\/\/www.nefilatek.fr\/index.php\/wp-json\/wp\/v2\/users\/1"}],"replies":[{"embeddable":true,"href":"https:\/\/www.nefilatek.fr\/index.php\/wp-json\/wp\/v2\/comments?post=495"}],"version-history":[{"count":5,"href":"https:\/\/www.nefilatek.fr\/index.php\/wp-json\/wp\/v2\/pages\/495\/revisions"}],"predecessor-version":[{"id":504,"href":"https:\/\/www.nefilatek.fr\/index.php\/wp-json\/wp\/v2\/pages\/495\/revisions\/504"}],"wp:attachment":[{"href":"https:\/\/www.nefilatek.fr\/index.php\/wp-json\/wp\/v2\/media?parent=495"}],"curies":[{"name":"wp","href":"https:\/\/api.w.org\/{rel}","templated":true}]}}